{"id":33,"date":"2018-04-26T19:11:10","date_gmt":"2018-04-26T17:11:10","guid":{"rendered":"http:\/\/tsv-angelmodde.de\/neu\/?page_id=33"},"modified":"2019-03-17T13:37:08","modified_gmt":"2019-03-17T12:37:08","slug":"handball","status":"publish","type":"page","link":"https:\/\/tsv-angelmodde.de\/neu\/sportarten\/handball\/","title":{"rendered":"Handball"},"content":{"rendered":"<div id=\"stacks_out_785_page21\" class=\"stacks_out\">\n<div id=\"stacks_in_785_page21\" class=\"stacks_in com_elixir_stacks_foundryHeader_stack\">\n<div class=\"text-xs-left\">\n<h2 class=\"theme_style \">Mache ein freiwilliges soziales Jahr bei der HSG!<\/h2>\n<\/div>\n<\/div>\n<\/div>\n<div id=\"stacks_out_787_page21\" class=\"stacks_out\">\n<div id=\"stacks_in_787_page21\" class=\"stacks_in com_elixir_stacks_foundryParagraph_stack\">\n<p class=\"theme_style theme_style text-xs-left \">Das Angebot, ein Freiwilliges soziales Jahr (FSJ) zu leisten, ist einmalig und nur im Alter zwischen 16 und 26 Jahren m\u00f6glich. Zum einen kann man das Jahr zur sinnvollen Orientierung nach der Schule nutzen und zum anderen soziales Engagement im karikativen und sozialen Bereich zeigen. Die HSG Gremmendorf Angelmodde gibt dir die M\u00f6glichkeit bei der Jugendarbeit zu unterst\u00fctzen, Toleranz und Respekt im Sport zu f\u00f6rdern und einen sinnvollen Beitrag in der Gemeinde zu leisten. Du arbeitest in einem engagierten Team aus passionierten Freiwilligen in jedem Alter und wirst ein wichtiger Teil unserer Handball Spiel Gemeinschaft.<\/p>\n<p>Mehr Infos gibt&#8217;s <a href=\"http:\/\/www.handball-muenster.de\/UeberUns\/UeberUns\/fsj.php\" target=\"_blank\" rel=\"noopener\">HIER<\/a><\/p>\n<\/div>\n<\/div>\n","protected":false},"excerpt":{"rendered":"<p>Mache ein freiwilliges soziales Jahr bei der HSG! Das Angebot, ein Freiwilliges soziales Jahr (FSJ) zu leisten, ist einmalig und nur im Alter zwischen 16 und 26 Jahren m\u00f6glich. Zum einen kann man das Jahr zur sinnvollen Orientierung nach der Schule nutzen und zum anderen soziales Engagement im karikativen und sozialen Bereich zeigen. Die HSG Gremmendorf Angelmodde gibt dir die [&#8230;]<\/p>\n","protected":false},"author":3,"featured_media":127,"parent":31,"menu_order":10,"comment_status":"closed","ping_status":"closed","template":"","meta":{"_cbd_carousel_blocks":"[]","footnotes":""},"class_list":["post-33","page","type-page","status-publish","has-post-thumbnail","hentry"],"_links":{"self":[{"href":"https:\/\/tsv-angelmodde.de\/neu\/wp-json\/wp\/v2\/pages\/33","targetHints":{"allow":["GET"]}}],"collection":[{"href":"https:\/\/tsv-angelmodde.de\/neu\/wp-json\/wp\/v2\/pages"}],"about":[{"href":"https:\/\/tsv-angelmodde.de\/neu\/wp-json\/wp\/v2\/types\/page"}],"author":[{"embeddable":true,"href":"https:\/\/tsv-angelmodde.de\/neu\/wp-json\/wp\/v2\/users\/3"}],"replies":[{"embeddable":true,"href":"https:\/\/tsv-angelmodde.de\/neu\/wp-json\/wp\/v2\/comments?post=33"}],"version-history":[{"count":3,"href":"https:\/\/tsv-angelmodde.de\/neu\/wp-json\/wp\/v2\/pages\/33\/revisions"}],"predecessor-version":[{"id":514,"href":"https:\/\/tsv-angelmodde.de\/neu\/wp-json\/wp\/v2\/pages\/33\/revisions\/514"}],"up":[{"embeddable":true,"href":"https:\/\/tsv-angelmodde.de\/neu\/wp-json\/wp\/v2\/pages\/31"}],"wp:featuredmedia":[{"embeddable":true,"href":"https:\/\/tsv-angelmodde.de\/neu\/wp-json\/wp\/v2\/media\/127"}],"wp:attachment":[{"href":"https:\/\/tsv-angelmodde.de\/neu\/wp-json\/wp\/v2\/media?parent=33"}],"curies":[{"name":"wp","href":"https:\/\/api.w.org\/{rel}","templated":true}]}}